o).
-1
Suppose 14 = 4*h - 6. Let r(f) be the first derivative of -f**3/3 + 5*f**2/2 - 5*f - 3. What is r(h)?
-5
Let y = -2 - -5. Suppose 0 = -y*s - 5*l - 10, 0*s = -s + 2*l - 7. Let o(z) = 4*z - 35. Let g(x) = 3*x - 24. Let f(k) = -7*g(k) + 5*o(k). What is f(s)?
-2
Let y(b) = 1 + 2 + 2*b - 3*b**2 - 7 + b**3. Let s(j) = 1 + 0*j**2 + j**2 + 2 + 0*j - 3*j. Let m be s(3). What is y(m)?
2
Let i(k) = -k**2 - k - 1. Let n(m) = -m**3 + 6*m**2 + 10*m - 5. Let q(d) = -2*i(d) - n(d). Determine q(5).
-8
Suppose 10 = -2*g, 4*g = -0*u + 3*u + 16. Let z be 18/u*16/6. Let m(r) = 6*r**2 - 4*r**2 + 0*r**2 + 0*r**2 + 5*r. Calculate m(z).
12
Let k(i) = 6 + 28*i - 1 - 27*i. Calculate k(-4).
1
Suppose 0 = -5*g + 5*d + 15, -3*g + 3*d = -4*g - 13. Let z(u) = -14*u + 1. Determine z(g).
15
Let u(o) = -27*o**2 - 34*o**2 + 62*o**2 + 5*o. What is u(-5)?
0
Let p(v) = -v**3 + 6*v**2 - 5*v - 6. Let k = -4 + 7. Let y(n) = 2*n**2 - 4*n - 1. Let o be y(k). Suppose 4*g + 17 = o*a, -2*a - 5*g - 1 = -21. Give p(a).
-6
Let u = 14 + -10. Let k(d) = -3*d**2 - d**3 + 0*d - 2 - d + u*d. Give k(-4).
2
Let d = 1 - -1. Suppose d*o - 4 = 2. Let y(j) = -5*j + 9 - o - 2 + j**2. Determine y(5).
4
Let r(i) = -i**2 + 1. Let k(o) = 4 - 3*o - 3*o**2 + o - 7. Let p(b) = -k(b) - 2*r(b). Determine p(-1).
4
Let b = 9 - 6. Suppose -b*n = -3, -5*w + n - 5 - 1 = 0. Let x(q) = -6*q. Give x(w).
6
Let m(f) = -7*f**2 - 2*f + 1. Let h(c) = -2*c - 13. Let g be -3*(-4)/(-6) + -5. Let s be h(g). Give m(s).
-8
Suppose v - 6 = -2*v. Let w = v + 2. Let d(r) = 4*r - w*r + 0*r**3 - 2*r**3 - r**2 - 1 + r. Calculate d(-2).
9
Let l = 84 - 90. Let q(b) = b**2 + 7*b. Determine q(l).
-6
Let m = -11 - -18. Let g = m - 8. Let r(c) = -8*c**2 + c + 1. What is r(g)?
-8
Let k(w) = -w**2 - 6*w - 6. Suppose 4*d - 2*d = -10. Give k(d).
-1
Let m(v) = -4*v - 5. Let n be m(-2). Let q(d) = d**3 - 2*d**2 + 2*d - 1. What is q(n)?
14
Let d(y) = -y**3 - 5*y**2 + 6*y - 5. Let u = -28 + 22. What is d(u)?
-5
Suppose b - 4*m = -0*b - 23, -m + 5 = 0. Let j = 2 + -10. Let f(k) = -2*k - 1. Let d(u) = -5*u - 2. Let h(n) = j*f(n) + 3*d(n). Calculate h(b).
-1
Let o = -12/29 - -101/174. Let x(f) be the third derivative of -1/12*f**4 - 3*f**2 - 7/60*f**5 + 0*f - o*f**3 + 0. Give x(-1).
-6
Let x(n) = 3 + n**2 - 4 + 8*n - 9*n. Determine x(2).
1
Let b = -5 - -4. Let s(h) = h**3 + h**2 - h - 1. Let w(r) = -4*r**3 - 5*r**2 + 4*r + 5. Let m(z) = b*w(z) - 3*s(z). Determine m(-2).
0
Let n(q) = 11 - 17 - 3*q + 0*q. What is n(-4)?
6
Let v(o) = -4*o + 8*o**2 + 5*o - 9*o**2. Determine v(4).
-12
Suppose z - 2*i + 6 = 3*i, -2*z = 3*i - 1. Let f(a) = -a + 0*a**2 - a - 13*a**2 - 1. Calculate f(z).
-12
Let k be (-1)/(-6)*-2*0. Let b = k - -3. Let t(a) = -b + 0*a + a + 2. Determine t(4).
3
Let j(q) = -q**3 + 5*q**2 - 3*q - 3. Suppose -3*a = -2*g + 5, g = 5*g - a - 15. Give j(g).
1
Let m(o) = 3 + 5 - 6 - 2*o. Determine m(2).
-2
Let y = 17 - 34. Let a = -14 - y. Let q(t) = t + 3*t - 1 - 3*t. Calculate q(a).
2
Suppose 0 = -4*i + n - 3, 3*i - n - 3 + 5 = 0. Let u(k) = -9*k**3 - k**2 - k. Give u(i).
9
Suppose -52*u + 58*u = 30. Let t(f) = -4*f - 2 - 4*f**3 + 5*f**2 + 5*f + 3*f**3. What is t(u)?
3
Let w(q) be the first derivative of -1/3*q**3 + q - 2 + 1/2*q**2. Let a be w(-2). Let l(r) = 3*r + 7. What is l(a)?
-8
Suppose 0*i + 3 = -3*q + i, q - 4*i + 12 = 0. Let t(h) = -h - 9. Give t(q).
-9
Let l(y) = -y - 1. Suppose -40 = -0*m - 4*m. Let i = m + -13. Let o = -5 - i. Calculate l(o).
1
Let d(i) = i + 19. Let l(o) = -o**3 - 2*o**2 - 2*o - 8. Let q be l(0). Give d(q).
11
Let p(j) = j**2 + 6*j + 3. Let n be p(-6). Let k(u) = -3 + u - 2*u - n. Give k(0).
-6
Suppose -3*u + 2*u + 7 = 3*z, 5*z + 4*u = 7. Let l be (z - 3)/(3 + -1). Let f(p) = p**3 - p**2 - 4. What is f(l)?
-4
Suppose 4 - 3 = -q. Let z(d) = -d + 1. Give z(q).
2
Let i(b) be the first derivative of -b**3/3 + b**2/2 + 5*b - 14. Give i(0).
5
Suppose -3*w = -4*t + 12, -w - 4*w = 5*t - 15. Suppose 0 = 2*x - 4*x + 5*z + 17, -16 = -x + 5*z. Let g(j) = -2 - 2 + x + j - j**2. What is g(w)?
-3
Let s be 6/(-10) - 72/(-20). Let x(a) = -a**2 + a + 4. Calculate x(s).
-2
Let m(y) = -y + 6. Let h = -4 + -2. Let p be -2 - (h + 1) - -2. What is m(p)?
1
Let y(v) be the second derivative of 1/20*v**5 - 1/3*v**4 - 7*v + 0 - 5/2*v**2 + 2/3*v**3. Give y(4).
11
Let v(o) = o**2 - 5*o + 2. Suppose -4*k = -0*k - 20. Give v(k).
2
Let i(d) = -d. Let v(k) = -2*k + 3. Let y(l) = -3*i(l) + v(l). Let a = 68 + -73. Give y(a).
-2
Let q(o) = o + 5. Let k be q(-5). Let b(l) be the first derivative of l - 1/2*l**2 + 1. Calculate b(k).
1
Let f = -11 - -16. Let l(z) = -z**3 + 4*z**2 + 5*z + 3. Give l(f).
3
Let q(d) = -d**3 + 3. Let t be ((-2)/6)/(-2*(-5)/150). Let w(l) be the first derivative of -l**3/3 - 3*l**2 - 5*l - 1. Let b be w(t). Determine q(b).
3
Let r(d) be the first derivative of d**2/2 + 5*d - 5. Determine r(4).
9
Let p(q) = -2*q - 1. Let a(g) = 3*g + 1. Let c(n) = 3*a(n) + 4*p(n). Let h(y) = 0 - y**2 + 1 + 0*y**2 + 1 + 3*y. Let i be h(4). Calculate c(i).
-3
Let a(h) = 2*h**2 + 4*h - 1. Let o be a(-3). Let n(q) = -q**3 + 6*q**2 - 7*q + 4. What is n(o)?
-6
Let w(r) = -4*r**3 + 2*r**2 + 4*r - 9. Let j(p) = -3*p**3 + p**2 + 3*p - 9. Let h be ((-2)/1)/((-8)/(-12)). Let c(o) = h*j(o) + 2*w(o). What is c(0)?
9
Let w(v) = 10 + v + 3 - 5 - 2*v. Let n be (3 - 2)*(7 - 2). Calculate w(n).
3
Suppose 0*v - 5 = -3*v + 5*s, -2*v + 2*s = -2. Let u(b) = -b**2 + 0*b - b - 1 + b. Determine u(v).
-1
Suppose 6 = -0*c - 2*c. Let m(u) = 2*u - 6. Let t(o) = -5*o + 18. Let r(q) = c*t(q) - 8*m(q). Determine r(-3).
-3
Let h(z) = z - 7. Let u be h(7). Let t(x) = x + 2. Calculate t(u).
2
Suppose -h - 4*s = s + 18, 5*h - 2*s - 18 = 0. Let m(o) = h - o - 1 + 3. Determine m(5).
-1
Let v be (1/(2/10))/1. Suppose i - 3*b = -13, v*i + 2*b = 7 + 13. Let w(y) = -3*y**2 + 3*y**2 + 2*y**i. What is w(1)?
2
Let n = 2 - -2. Suppose -p - 3*p - n = 0. Let q(s) be the third derivative of s**4/3 + s**3/6 - s**2. Determine q(p).
-7
Let b(v) = -v**2 - 10*v - 4. Let n be b(-9). Suppose -12 = i - 4*w, -3*w - 3 = n*i - 4*w. Let x(u) = -1 - 6 - 2*u + 3*u + 2. Calculate x(i).
-5
Let p = -4 + 1. Let v(o) = -o + 2. Calculate v(p).
5
Let b(g) = 1 + 7*g + 6*g**3 - 5*g**2 - 8*g**3 + 2*g**3 - g**3. Give b(-6).
-5
Let a(n) be the second derivative of 0*n**2 + 0 - 2/3*n**3 - 2*n - 1/12*n**4. What is a(-3)?
3
Let x(p) = p - 4. Let q be x(3). Let f be 1 - 1*q/(-1). Let a(g) = 6*g**2 + g - 13*g**2 + 1 + 6*g**2. Calculate a(f).
1
Suppose 0 = 3*z - 6*z. Let b(a) = 3 - a**3 - 2*a**2 + z*a**3 - 1. Calculate b(-2).
2
Let q(f) = -f**2 - 9. Let d(i) = i**3 + 1. Let p(m) = d(m) - q(m). Let h(w) = -w**2 - 3*w. Let g be h(-3). Determine p(g).
10
Suppose -3*f - 2 - 7 = 0. Let t(g) = 5*g + 2. Let z(o) = -9*o - 3. Let b(w) = f*z(w) - 5*t(w). Determine b(-3).
-7
Let i(q) be the first derivative of -5*q**3/3 + q**2/2 + 16. Determine i(1).
-4
Let a(q) = 3*q**2 + 7*q + 2. Let n(v) = 2*v**2 + 4*v + 1. Let g(y) = 4*a(y) - 7*n(y). Let x be 200/240 + (-34)/12. Calculate g(x).
-7
Let p(l) = 4*l**2 - l + 1. Let j be p(-1). Let z(a) = a**2 - 6*a + 6. Calculate z(j).
6
Let t(y) = 6*y + 3. Let c = 12 - 14. What is t(c)?
-9
Let o(w) be the second derivative of -w**4/12 + 5*w**3/6 + w**2 - 3*w. Calculate o(5).
2
Suppose -3*v - 11 = -9*x + 4*x, 3*x = -3*v + 21. Suppose 0 = -x*w - 11 - 5. Let g be 2*(-3 - 2/w). Let f(u) = u + 5. What is f(g)?
0
Suppose 0 = 5*v - 3*v - 10. Let c(h) = h**3 - 5*h**2 - 2*h + 6. Give c(v).
-4
Let u = 136 + -140. Let q(h) = 2*h**2 + 6*h. Calculate q(u).
8
Let a(t) = 7*t - 1. Let l(r) = 0 + r - 2*r - 6 + 0*r. Let f be l(-5). What is a(f)?
-8
Let a(c) = -3*c**2 - 6*c + 2. Let z(f) = -16*f**2 - 31*f + 9. Let w(j) = -11*a(j) + 2*z(j). Determine w(-4).
-4
Let d(c) = -4*c - 31. Let s be d(-7). Let l(g) = g + 2. What is l(s)?
-1
Let k(y) = 6*y**3 + y**2 - y. Suppose 4*c = -3*t - 7 - 2, 5*t = 3*c + 14. Calculate k(t).
6
Let a(h) = -h**3 - 5*h**2 + 2*h + 7. Let v = 3 + -29. Let s = v - -13. Let m = 8 + s. Calculate a(m).
-3
Let c(l) be the first derivative of -l**5/120 + l**4/12 + 8*l**3/3 + 3. Let o(a) be the third derivative of c(a). Calculate o(-3).
5
Suppose -6*u + h = -u - 7, -2*h = 3*u - 12. Let f(m) = 5*m**2 + 3*m - 3. Let g = 0 + 2. Let c(z) = z**2 + z - 1. Let o(p) = g*f(p) - 9*c(p). Give o(u).
1
Let w(s